
2, 7, 83
Let h(n) = 1046*n - 8568. What are the prime factors of h(22)?
2, 23, 157
Suppose -2*h = 2*y - 3334, -5*h + 1560 = 2*y - 1759. List the prime factors of y.
2, 11, 19
Let i = -809 + 353. Let f = i + 470. What are the prime factors of f?
2, 7
Suppose 5*k - 25881 = -12*k + 15276. What are the prime factors of k?
3, 269
Suppose 2*x = 3*g + 73, 5*g + 3*x + 131 = 4*x. Let o = g + -64. Let y = 26 - o. What are the prime factors of y?
3, 13
Suppose 5*c = b - 85, 2*b - 110 = -3*c - 2*c. Let a be (-26)/(-10) + (-39)/b. Suppose 3*d - 4 + 1 = a*w, -d = -3*w + 13. What are the prime factors of w?
2, 3
Let b(f) = -6*f + 27. Let v be b(4). Let k(h) = h**2 - 3*h + 2. Let w be k(v). Suppose -w*j = 5*j - 819. What are the prime factors of j?
3, 13
Let s = 20 - -56. Suppose -4*h - 3*c + 161 = -4*c, -s = -2*h + 2*c. What are the prime factors of h?
41
Let k(q) = -13*q - 37. Suppose 22 = -10*w + 8*w. List the prime factors of k(w).
2, 53
List the prime factors of (2277/66)/(33/3916).
2, 23, 89
Let c(g) = -g**2 + 15*g - 13. Let v(r) = 3*r**2 - 5*r - 3. Let x be v(-2). Let s be c(x). Let n = s - -109. List the prime factors of n.
2, 5
Let o = -47695 + 101238. List the prime factors of o.
7, 7649
Suppose -4*g + 8*u = 4*u - 256412, -3*g = 2*u - 192334. List the prime factors of g.
2, 11, 31, 47
Let x(o) = -3*o**3 + 2*o**2 + 3*o. Let g be x(3). Let u = -51 + g. Let r = 218 + u. What are the prime factors of r?
113
Let o be (-43)/129*-1*1149. Suppose -20*h + o = -19*h. What are the prime factors of h?
383
Let t = 29 + -32. Let v be (-111)/(0 - t) - -1. What are the prime factors of 1/(-2) + (-594)/v?
2
Let z(t) = -12 - t - 6 - 7 + 7*t. Let u be z(10). Let s = u - -14. What are the prime factors of s?
7
Suppose -45*q + 62*q - 306850 = 0. What are the prime factors of q?
2, 5, 19
Let h be 11 + 159/(-15) - 3/(-5). List the prime factors of 127 - -1*(-5 - h).
11
Suppose -2*r = -7 - 233. Let s = r + -219. Let m = s - -144. What are the prime factors of m?
3, 5
Suppose 0 = 2*f - 3*z - 59, z + 3 + 0 = 0. Suppose 43966 = 63*r - f*r. List the prime factors of r.
13, 89
Let c = 93251 - 56899. Suppose c = -0*g + 32*g. List the prime factors of g.
2, 71
Let j = -5 + 0. Let q be 0*(-2 - j/5). Suppose q = -2*d - 2*f + 246, -8*d - 527 = -12*d + 3*f. List the prime factors of d.
2
Suppose 0 = -5*v + 10*v - 45. Let j be 12/v - 64/12. List the prime factors of (0 + j + 5)*1*148.
2, 37
Let h(x) = -172*x + 3186. List the prime factors of h(8).
2, 5, 181
Let o = -10139 - -15554. List the prime factors of o.
3, 5, 19
Let w be 104702/130 + (-4)/10. Let v = w - 542. What are the prime factors of v?
263
Let j be (165/10)/((-2 - -1)/(-2)). List the prime factors of -5 + ((-20)/(-5) - j*-11).
2, 181
What are the prime factors of (53*(-3)/(-6))/(-1)*(-946)/11?
43, 53
Let d(k) = -k**2 - 10*k + 11. Let p be d(-11). Suppose 2*l - 14 = -p*l + 3*c, -4*l = 2*c - 12. What are the prime factors of (l - -218)*(-2)/(2*-3)?
2, 37
Suppose -2 = 5*y + 8, -5*y = 3*l - 4682. List the prime factors of l.
2, 17, 23
Let n be (-5 - -2)/9*-21. What are the prime factors of 1/((-1)/((-2191)/n))?
313
Let q = 42528 + -22608. List the prime factors of q.
2, 3, 5, 83
Let u(m) = -2*m**2 - 40*m - 53. Let b be u(-16). Suppose 4*f - b = -n, -8*n = -5*n - 3*f - 225. List the prime factors of n.
3, 5
Let j(f) = 207*f**2 - 15. Let y be j(4). Let b = y - 1550. List the prime factors of b.
1747
Let i = -520 - -525. Suppose 0 = 3*m + f - 0*f - 3005, -i*m = 5*f - 4995. List the prime factors of m.
17, 59
Suppose -4024 = -c - 4*g, -4*c = -25*g + 27*g - 16166. List the prime factors of c.
2, 3, 337
Let g be 396 - (3 - 4 - 0). Let w = -39 + g. List the prime factors of w.
2, 179
Suppose 0*q = -2*q - w + 3, 3*w = -5*q + 7. Let b(s) = -23*s - 4. Let p(k) = -2*k - 1. Let y(a) = -2*b(a) + 6*p(a). List the prime factors of y(q).
2, 5, 7
What are the prime factors of (2 - 1)*(152 - -8501)?
17, 509
Suppose -212 = 4*a - 4*u, -3*u = -a - a - 105. Let c = 106 - a. Suppose 146 = -q + c. List the prime factors of q.
2, 7
Suppose 74*c - 22*c + 15*c = 954616. List the prime factors of c.
2, 13, 137
Let y be 772/((-2 - (-8)/6)/(-5)). Suppose -133*f - y = -139*f. What are the prime factors of f?
5, 193
List the prime factors of 0 + (-122151)/(-10) - ((-2652)/(-120) + -22).
5, 7, 349
Let c be (-6 - -2)/(11/(-22)). Suppose 0 = 24*j - c*j - 6368. List the prime factors of j.
2, 199
Let z(k) = 9*k**2 + 21*k - 41. Let u(c) = 17*c**2 + 43*c - 81. Let o(b) = 4*u(b) - 7*z(b). What are the prime factors of o(-9)?
11, 13
Let k(y) = -y**3 - y**2 - 5*y + 2. Let i be k(0). Suppose 2*v - 4 = v, -4*v = -i*m + 808. List the prime factors of m.
2, 103
Let m(v) = -16*v + 7*v**2 + 5*v + v - 20 + 2*v. What are the prime factors of m(8)?
2, 7, 13
Suppose 2*o + 2*n + 1 = -3*o, 0 = -o - 3*n - 8. Let a be -3 + ((-65)/(-4) - o/4). Let c(j) = -j**2 + 14*j - 2. List the prime factors of c(a).
11
Suppose 3*h + 39*n - 43*n = 32653, 21765 = 2*h + n. What are the prime factors of h?
10883
Suppose -3*z = -4*s - 142721, -5*s = -4*z + 12*z - 380652. What are the prime factors of z?
7, 971
Suppose -3*b - 2*d + 96484 = 0, -2*b - 17*d + 64329 = -22*d. List the prime factors of b.
2, 13, 1237
Let x be 24 + 3*(-2)/3. Let q = 26 - x. List the prime factors of -2*q/8 - -82.
3
Let i(x) = 14868*x - 6428. What are the prime factors of i(5)?
2, 13, 653
Let p be ((-324)/(-42))/((-1)/14). Let t be 2100/(-27) + 24/p. Let g = t - -137. List the prime factors of g.
59
Suppose -4*r - 4*x + 1675 = -x, r - 2*x - 416 = 0. Suppose -o + 5*p = -r, -12*o - 2090 = -17*o + 4*p. What are the prime factors of o?
2, 11, 19
Let y = 138 + -132. Suppose -5*h - 4*v - 3 = 0, 3 + y = -5*h - 2*v. List the prime factors of 1/(h/(-12)) + 9.
13
Suppose -3*b = -5*b - 3*g + 53, -b - 2*g = -24. Suppose u = 3*l - 4493, 39*u - 4481 = -3*l + b*u. List the prime factors of l.
3, 499
Let r = 1672 - 997. Let d be -2 - (2 - 1*8). Suppose 2*h + 5*t - 242 = 0, t + r = d*h + 191. What are the prime factors of h?
11
What are the prime factors of 1058509/95 + (-66)/55?
13, 857
Let x be ((-40)/(-14))/((-14)/(-147)) - -2. Suppose 20394 = -x*j + 54*j. List the prime factors of j.
3, 103
Let j(b) = -99*b + 2668. List the prime factors of j(0).
2, 23, 29
Suppose -4*d - 2*n + 17074 = 0, -7*n + 8*n = -3*d + 12803. What are the prime factors of d?
2, 3, 79
Suppose -20*p = 14*p - 75990. What are the prime factors of p?
3, 5, 149
Let i(p) = -p**3 + 17*p**2 - 8*p - 35. Suppose -20*d + 17*d = -39. List the prime factors of i(d).
3, 179
Suppose -c + 3*c = 10. Suppose -2*m - w = -5*w - 88, w = -c*m + 275. List the prime factors of 12/m + (-2980)/(-36).
83
List the prime factors of (-679126)/(-147) + 2/21.
2, 3, 5, 7, 11
Let s(m) = -501*m + 573. List the prime factors of s(-48).
3, 29, 283
Let y(u) be the first derivative of -u**4/4 - u**3/3 + 44*u - 34. Let v be (-2)/((-6)/3) + -1. List the prime factors of y(v).
2, 11
Let z(a) = -a**2 - 83*a - 118. Let g be z(-35). Suppose 4*f - g = 286. What are the prime factors of f?
2, 3, 7, 11
Let z = 5361 + -4139. What are the prime factors of z?
2, 13, 47
Let w = 78059 - 35012. What are the prime factors of w?
3, 4783
Let q(h) = 228 - 25 - 8*h + 50. What are the prime factors of q(-19)?
3, 5
Let j(p) = p**2 + 13*p - 21. Let f be j(-13). Let z(r) = r**3 + 20*r**2 - 34*r + 9. List the prime factors of z(f).
2, 3, 47
Suppose -t - 3*g - 990 = 0, -2*t + 3*t = 3*g - 960. Let x = -550 - t. List the prime factors of x.
5, 17
Suppose 3*b - 15 = 0, 22 = 4*a - b + 3. Suppose 6728 = a*s - 2*s. List the prime factors of s.
2, 29
Let d = 15212 + 3837. List the prime factors of d.
43, 443
Suppose 38*b + 2965410 = 101*b. List the prime factors of b.
2, 3, 5, 523
Suppose -14*d + 414 = -11*d. Let x be 84/(-8) + (-3)/6. Let l = x + d. List the prime factors of l.
127
Let k(w) = -46*w - 6. Let v be k(5). Let n(p) = 17*p + 225. Let s be n(-13). List the prime factors of s + -1 - v/2.
11
Suppose -4*t - m - 596 = 0, 5*t - m + 211 = -543. What are the prime factors of 24/(-6) - -1 - t?
3, 7
Let x(o) = 13*o - 4. Suppose 3*z - 2*f + 63 = -5*f, -42 = 2*z + 5*f. Let y(a) = -54*a + 15. Let s(j) = z*x(j) - 5*y(j). What are the prime factors of s(0)?
3
Let c = -53 + 53. Suppose 5*i - 262 = -5*d - 32, -d + 5*i + 64 = c. Suppose